{"id":26,"date":"2010-01-25T20:44:14","date_gmt":"2010-01-25T18:44:14","guid":{"rendered":"http:\/\/www.mvrunkel.de\/wordpress\/?page_id=26"},"modified":"2011-06-06T22:34:32","modified_gmt":"2011-06-06T20:34:32","slug":"dirigent","status":"publish","type":"page","link":"http:\/\/www.mvrunkel.de\/wordpress\/orchester\/dirigent\/","title":{"rendered":"Dirigent"},"content":{"rendered":"<h2>Thomas Pravida<\/h2>\n<p>Seit\u00a0 September 2009 steht der Musikverein Runkel unter neuer musikalischer Leitung. Thomas Pravida tritt die Nachfolge von Travis Meisner an, der den Musikverein bereits nach kurzer Zeit aus gesundheitlichen Gr\u00fcnden unerwartet verlassen musste.<\/p>\n<div id=\"attachment_389\" class=\"wp-caption alignright\" style=\"width: 200px\"><a href=\"http:\/\/www.mvrunkel.de\/wordpress\/wp-content\/uploads\/2010\/01\/IMG_7293_Dirigent.jpg\"><img loading=\"lazy\" decoding=\"async\" class=\"size-medium wp-image-389\" title=\"Thomas Pravida\" src=\"http:\/\/www.mvrunkel.de\/wordpress\/wp-content\/uploads\/2010\/01\/IMG_7293_Dirigent-200x300.jpg\" alt=\"Thomas Pravida\" width=\"200\" height=\"300\" srcset=\"http:\/\/www.mvrunkel.de\/wordpress\/wp-content\/uploads\/2010\/01\/IMG_7293_Dirigent-200x300.jpg 200w, http:\/\/www.mvrunkel.de\/wordpress\/wp-content\/uploads\/2010\/01\/IMG_7293_Dirigent-682x1024.jpg 682w, http:\/\/www.mvrunkel.de\/wordpress\/wp-content\/uploads\/2010\/01\/IMG_7293_Dirigent.jpg 900w\" sizes=\"(max-width: 200px) 100vw, 200px\" \/><\/a><p class=\"wp-caption-text\">Thomas Pravida<\/p><\/div>\n<p>Thomas Pravida studierte von 1991-1996 an dem Meistersinger-Konservatorium in N\u00fcrnberg Posaune. 1996-1999 absolvierte er ein Aufbaustudium f\u00fcr Bassposaune an der Musikhochschule Frankfurt am Main bei Reinhard Nietert.<br \/>\nEr wirkte bei der Frankfurter Orchestergesellschaft mit und war auch als B\u00fchnenmusiker an der Frankfurter Oper sowie am Staatstheater Wiesbaden zu Studienzeiten aktiv.<\/p>\n<p>Seit 1999 ist Thomas Pravida Instrumentallehrer f\u00fcr tiefe Blechblasinstrumente(Posaune, Tuba, Tenorhorn, Bariton, Euphonium) an der Kreismusikschule Limburg. Au\u00dferdem leitet er das j\u00fcngste Bl\u00e4serorchester der Musikschule: \u201eNewOrch\u201c.<\/p>\n<p>In den Jahren 2001 bis 2003 belegte Thomas Pravida berufsbegleitend\u00a0 den Lehrgang zur Leitung von Blasorchestern an der Bundesakademie f\u00fcr musikalische Jugendbildung in Trossingen.<\/p>\n<p>Weitere Kurse besuchte er bei Malte Burba, Bart van Lier, Braniir Slokar und Andreas Kraft.<br \/>\nVon 2000 bis 2009 leitete er erfolgreich den Musikverein Langendernbach e.V., sowie seit 2002 die Dornburg-Musikanten Wilsenroth.<\/p>\n","protected":false},"excerpt":{"rendered":"<p>Thomas Pravida Seit\u00a0 September 2009 steht der Musikverein Runkel unter neuer musikalischer Leitung. Thomas Pravida tritt die Nachfolge von Travis Meisner an, der den Musikverein bereits nach kurzer Zeit aus gesundheitlichen Gr\u00fcnden unerwartet verlassen musste. Thomas Pravida studierte von 1991-1996 an dem Meistersinger-Konservatorium in N\u00fcrnberg Posaune. 1996-1999 absolvierte er ein Aufbaustudium f\u00fcr Bassposaune an der [&hellip;]<\/p>\n","protected":false},"author":1,"featured_media":0,"parent":196,"menu_order":4,"comment_status":"closed","ping_status":"open","template":"","meta":{"ngg_post_thumbnail":0,"_mc_calendar":[],"footnotes":""},"_links":{"self":[{"href":"http:\/\/www.mvrunkel.de\/wordpress\/wp-json\/wp\/v2\/pages\/26"}],"collection":[{"href":"http:\/\/www.mvrunkel.de\/wordpress\/wp-json\/wp\/v2\/pages"}],"about":[{"href":"http:\/\/www.mvrunkel.de\/wordpress\/wp-json\/wp\/v2\/types\/page"}],"author":[{"embeddable":true,"href":"http:\/\/www.mvrunkel.de\/wordpress\/wp-json\/wp\/v2\/users\/1"}],"replies":[{"embeddable":true,"href":"http:\/\/www.mvrunkel.de\/wordpress\/wp-json\/wp\/v2\/comments?post=26"}],"version-history":[{"count":12,"href":"http:\/\/www.mvrunkel.de\/wordpress\/wp-json\/wp\/v2\/pages\/26\/revisions"}],"predecessor-version":[{"id":2725,"href":"http:\/\/www.mvrunkel.de\/wordpress\/wp-json\/wp\/v2\/pages\/26\/revisions\/2725"}],"up":[{"embeddable":true,"href":"http:\/\/www.mvrunkel.de\/wordpress\/wp-json\/wp\/v2\/pages\/196"}],"wp:attachment":[{"href":"http:\/\/www.mvrunkel.de\/wordpress\/wp-json\/wp\/v2\/media?parent=26"}],"curies":[{"name":"wp","href":"https:\/\/api.w.org\/{rel}","templated":true}]}}

<h2>Thomas Pravida</h2>
<p>Seit  September 2009 steht der Musikverein Runkel unter neuer musikalischer Leitung. Thomas Pravida tritt die Nachfolge von Travis Meisner an, der den Musikverein bereits nach kurzer Zeit aus gesundheitlichen Gründen unerwartet verlassen musste.</p>
<div id="attachment_389" class="wp-caption alignright" style="width: 200px"><a href="http://www.mvrunkel.de/wordpress/wp-content/uploads/2010/01/IMG_7293_Dirigent.jpg"><img loading="lazy" decoding="async" class="size-medium wp-image-389" title="Thomas Pravida" src="http://www.mvrunkel.de/wordpress/wp-content/uploads/2010/01/IMG_7293_Dirigent-200x300.jpg" alt="Thomas Pravida" width="200" height="300" srcset="http://www.mvrunkel.de/wordpress/wp-content/uploads/2010/01/IMG_7293_Dirigent-200x300.jpg 200w, http://www.mvrunkel.de/wordpress/wp-content/uploads/2010/01/IMG_7293_Dirigent-682x1024.jpg 682w, http://www.mvrunkel.de/wordpress/wp-content/uploads/2010/01/IMG_7293_Dirigent.jpg 900w" sizes="(max-width: 200px) 100vw, 200px" /></a><p class="wp-caption-text">Thomas Pravida</p></div>
<p>Thomas Pravida studierte von 1991-1996 an dem Meistersinger-Konservatorium in Nürnberg Posaune. 1996-1999 absolvierte er ein Aufbaustudium für Bassposaune an der Musikhochschule Frankfurt am Main bei Reinhard Nietert.<br />
Er wirkte bei der Frankfurter Orchestergesellschaft mit und war auch als Bühnenmusiker an der Frankfurter Oper sowie am Staatstheater Wiesbaden zu Studienzeiten aktiv.</p>
<p>Seit 1999 ist Thomas Pravida Instrumentallehrer für tiefe Blechblasinstrumente(Posaune, Tuba, Tenorhorn, Bariton, Euphonium) an der Kreismusikschule Limburg. Außerdem leitet er das jüngste Bläserorchester der Musikschule: „NewOrch“.</p>
<p>In den Jahren 2001 bis 2003 belegte Thomas Pravida berufsbegleitend  den Lehrgang zur Leitung von Blasorchestern an der Bundesakademie für musikalische Jugendbildung in Trossingen.</p>
<p>Weitere Kurse besuchte er bei Malte Burba, Bart van Lier, Braniir Slokar und Andreas Kraft.<br />
Von 2000 bis 2009 leitete er erfolgreich den Musikverein Langendernbach e.V., sowie seit 2002 die Dornburg-Musikanten Wilsenroth.</p>

<p>Thomas Pravida Seit  September 2009 steht der Musikverein Runkel unter neuer musikalischer Leitung. Thomas Pravida tritt die Nachfolge von Travis Meisner an, der den Musikverein bereits nach kurzer Zeit aus gesundheitlichen Gründen unerwartet verlassen musste. Thomas Pravida studierte von 1991-1996 an dem Meistersinger-Konservatorium in Nürnberg Posaune. 1996-1999 absolvierte er ein Aufbaustudium für Bassposaune an der [&hellip;]</p>
