{"id":44,"date":"2010-01-31T16:21:45","date_gmt":"2010-01-31T15:21:45","guid":{"rendered":"http:\/\/www.mvrunkel.de\/wordpress\/?page_id=44"},"modified":"2017-02-20T12:15:16","modified_gmt":"2017-02-20T11:15:16","slug":"musikalische-fruherziehung-mfe","status":"publish","type":"page","link":"http:\/\/www.mvrunkel.de\/wordpress\/musikschule\/musikalische-fruherziehung-mfe\/","title":{"rendered":"Musikalische Fr\u00fcherziehung"},"content":{"rendered":"<p>Die Musikalische Fr\u00fcherziehung ist ein Lernangebot f\u00fcr Kinder ab 4 Jahren. Die Kinder sollen dabei zusammen mit Gleichaltrigen den Zugang zur Welt der Musik finden.<\/p>\n<p>Musikalit\u00e4t beruht zwar einerseits auf einer besonderen Begabung, und Fortgeschrittene kommen auch nicht ohne kognitive Erkenntnisse und F\u00e4higkeiten aus. Andererseits beruht sie in weiten Bereichen auf F\u00e4higkeiten und Fertigkeiten im psychomotorischen Bereich. Diese lassen sich bereits auf den fr\u00fchesten Entwicklungsstufen anlegen oder f\u00f6rdern und sind auch f\u00fcr andere Lebensbereiche n\u00fctzlich.<\/p>\n<p>Im Wege der musikalischen Fr\u00fcherziehung ist es m\u00f6glich, Kindern bereits eine erhebliche musikalische Vorbildung zu verschaffen, bevor sie mit einer formalen musikalischen Ausbildung beginnen und etwa ein Instrument erlernen.<\/p>\n<p>Rhythmus, Musik, Bewegung und Sprache sind dabei untrennbar miteinander verbunden und erg\u00e4nzen sich gegenseitig. \u00dcber sie werden kindgem\u00e4\u00dfe Verhaltensweisen aufgegriffen und in verschiedene Themen integriert. Eine ganzheitliche F\u00f6rderung des Kindes soll erreicht werden, denn die Verfeinerung aller Sinne ist die Voraussetzung f\u00fcr das Denken, das Lernen, das Handeln und das Musizieren. Musik kann dar\u00fcber hinaus eine therapeutische Funktion f\u00fcr Eltern und Kinder wahrnehmen.<\/p>\n<p>Programme der musikalischen Fr\u00fcherziehung bestehen in der Regel aus folgenden Komponenten:<\/p>\n<ul>\n<li>Musik und Bewegung<\/li>\n<li>Grundlagen des instrumentalen Spiels\u00a0\u00a0\u00a0\u00a0\u00a0\u00a0\u00a0\u00a0\u00a0\u00a0\u00a0\u00a0\u00a0\u00a0\u00a0\u00a0\u00a0\u00a0\u00a0\u00a0\u00a0\u00a0\u00a0\u00a0\u00a0\u00a0\u00a0\u00a0\u00a0\u00a0\u00a0\u00a0\u00a0\u00a0\u00a0\u00a0\u00a0\u00a0\u00a0\u00a0\u00a0\u00a0\u00a0\u00a0\u00a0\u00a0\u00a0\u00a0\u00a0\u00a0\u00a0\u00a0\u00a0\u00a0\u00a0\u00a0\u00a0\u00a0\u00a0\u00a0\u00a0\u00a0\u00a0\u00a0\u00a0\u00a0\u00a0\u00a0 <a href=\"http:\/\/www.mvrunkel.de\/wordpress\/wp-content\/uploads\/2011\/10\/P1020237.jpg\"><img loading=\"lazy\" decoding=\"async\" class=\"alignright size-medium wp-image-484\" title=\"Musikalische Fr\u00fcherziehung 2011-2013\" src=\"http:\/\/www.mvrunkel.de\/wordpress\/wp-content\/uploads\/2011\/10\/P1020237-300x225.jpg\" alt=\"\" width=\"300\" height=\"225\" srcset=\"http:\/\/www.mvrunkel.de\/wordpress\/wp-content\/uploads\/2011\/10\/P1020237-300x225.jpg 300w, http:\/\/www.mvrunkel.de\/wordpress\/wp-content\/uploads\/2011\/10\/P1020237-1024x768.jpg 1024w\" sizes=\"(max-width: 300px) 100vw, 300px\" \/><\/a><\/li>\n<li>Singen und Sprechen<\/li>\n<li>Soziale Kompetenz<\/li>\n<li>Allgemeine Instrumentenkunde<\/li>\n<li>Sensibilisierung des Geh\u00f6rs<\/li>\n<\/ul>\n<p>&nbsp;<\/p>\n<table border=\"1\" cellspacing=\"0\" cellpadding=\"0\">\n<tbody>\n<tr>\n<td valign=\"top\" width=\"102\"><strong>Fakten<\/strong><\/td>\n<td valign=\"top\" width=\"512\">\u00a0<\/td>\n<\/tr>\n<tr>\n<td valign=\"top\" width=\"102\">Zielgruppe:<\/td>\n<td valign=\"top\" width=\"512\">Kinder ab dem 4. Lebensjahr<\/td>\n<\/tr>\n<tr>\n<td valign=\"top\" width=\"102\">Dauer:<\/td>\n<td valign=\"top\" width=\"512\">2 Jahre<\/td>\n<\/tr>\n<tr>\n<td valign=\"top\" width=\"102\">Kosten:<\/td>\n<td valign=\"top\" width=\"512\">15 \u20ac\/mtl.<\/td>\n<\/tr>\n<tr>\n<td valign=\"top\" width=\"102\">\u00a0<\/td>\n<td valign=\"top\" width=\"512\">\u00a0<\/td>\n<\/tr>\n<\/tbody>\n<\/table>\n","protected":false},"excerpt":{"rendered":"<p>Die Musikalische Fr\u00fcherziehung ist ein Lernangebot f\u00fcr Kinder ab 4 Jahren. Die Kinder sollen dabei zusammen mit Gleichaltrigen den Zugang zur Welt der Musik finden. Musikalit\u00e4t beruht zwar einerseits auf einer besonderen Begabung, und Fortgeschrittene kommen auch nicht ohne kognitive Erkenntnisse und F\u00e4higkeiten aus. Andererseits beruht sie in weiten Bereichen auf F\u00e4higkeiten und Fertigkeiten im [&hellip;]<\/p>\n","protected":false},"author":2,"featured_media":0,"parent":21,"menu_order":1,"comment_status":"closed","ping_status":"closed","template":"","meta":{"ngg_post_thumbnail":0,"_mc_calendar":[],"footnotes":""},"_links":{"self":[{"href":"http:\/\/www.mvrunkel.de\/wordpress\/wp-json\/wp\/v2\/pages\/44"}],"collection":[{"href":"http:\/\/www.mvrunkel.de\/wordpress\/wp-json\/wp\/v2\/pages"}],"about":[{"href":"http:\/\/www.mvrunkel.de\/wordpress\/wp-json\/wp\/v2\/types\/page"}],"author":[{"embeddable":true,"href":"http:\/\/www.mvrunkel.de\/wordpress\/wp-json\/wp\/v2\/users\/2"}],"replies":[{"embeddable":true,"href":"http:\/\/www.mvrunkel.de\/wordpress\/wp-json\/wp\/v2\/comments?post=44"}],"version-history":[{"count":9,"href":"http:\/\/www.mvrunkel.de\/wordpress\/wp-json\/wp\/v2\/pages\/44\/revisions"}],"predecessor-version":[{"id":2693,"href":"http:\/\/www.mvrunkel.de\/wordpress\/wp-json\/wp\/v2\/pages\/44\/revisions\/2693"}],"up":[{"embeddable":true,"href":"http:\/\/www.mvrunkel.de\/wordpress\/wp-json\/wp\/v2\/pages\/21"}],"wp:attachment":[{"href":"http:\/\/www.mvrunkel.de\/wordpress\/wp-json\/wp\/v2\/media?parent=44"}],"curies":[{"name":"wp","href":"https:\/\/api.w.org\/{rel}","templated":true}]}}